te number?
False
Is 142357 a prime number?
True
Is 374083 a prime number?
True
Is 23939 composite?
True
Is 96401 a prime number?
True
Is 73417 composite?
False
Is 84157 a composite number?
True
Is 169003 composite?
False
Is 677 prime?
True
Is 1266929 composite?
False
Is 135701 a prime number?
True
Is 7093 a prime number?
False
Is 28487 a composite number?
True
Is 1067 a composite number?
True
Is 124199 a composite number?
False
Is 35729 composite?
False
Is 48017 composite?
False
Is 3979 composite?
True
Is 75233 a composite number?
True
Is 1105067 prime?
True
Is 1777 prime?
True
Is 42421 a prime number?
False
Is 6337 a prime number?
True
Is 797 composite?
False
Is 106531 prime?
True
Is 1979 prime?
True
Is 27361 a prime number?
True
Is 231169 prime?
True
Is 913 prime?
False
Is 19739 a prime number?
True
Is 192697 a prime number?
True
Is 197179 a composite number?
True
Is 132329 a prime number?
True
Is 1870709 a prime number?
True
Is 121523 prime?
True
Is 50681 prime?
False
Is 345919 composite?
True
Is 7327 a composite number?
True
Is 7069 a composite number?
False
Is 229843 prime?
False
Is 128591 prime?
True
Is 12269 a composite number?
False
Is 58337 composite?
False
Is 73009 prime?
True
Is 300299 composite?
False
Is 89839 composite?
False
Is 141101 composite?
False
Is 35479 prime?
False
Is 3377 prime?
False
Is 611243 composite?
True
Is 40841 a prime number?
True
Is 9391 a composite number?
False
Is 119731 a composite number?
True
Is 78607 a composite number?
False
Is 20371 a composite number?
True
Is 16603 a composite number?
False
Is 168673 a prime number?
True
Is 56447 a composite number?
True
Is 207671 a composite number?
False
Is 362337 prime?
False
Is 84361 prime?
False
Is 70877 a prime number?
True
Is 13523 a composite number?
False
Is 3937 a composite number?
True
Is 323533 composite?
True
Is 721 composite?
True
Is 652603 prime?
False
Is 15446 a prime number?
False
Is 3261 prime?
False
Is 442961 a composite number?
False
Is 1020497 a prime number?
False
Is 14995 a prime number?
False
Is 16367 a composite number?
True
Is 231094 composite?
True
Is 57298 prime?
False
Is 689 a composite number?
True
Is 879329 a prime number?
False
Is 123997 composite?
False
Is 2203 a composite number?
False
Is 86885 a composite number?
True
Is 1371 prime?
False
Is 1211 a composite number?
True
Is 42631 a composite number?
True
Is 9543 a prime number?
False
Is 365611 prime?
True
Is 266659 a composite number?
True
Is 9101 composite?
True
Is 1171 composite?
False
Is 104231 composite?
False
Is 139241 a prime number?
True
Is 802331 prime?
True
Is 5581 prime?
True
Is 1651 a composite number?
True
Is 16571 a prime number?
False
Is 123155 prime?
False
Is 34319 a composite number?
False
Is 432703 composite?
True
Is 7067 a prime number?
False
Is 398579 a prime number?
False
Is 44983 a composite number?
False
Is 16181 prime?
False
Is 32987 composite?
False
Is 2429 a prime number?
False
Is 159109 a prime number?
False
Is 29031 prime?
False
Is 51311 composite?
True
Is 40693 prime?
True
Is 459089 a prime number?
True
Is 15937 prime?
True
Is 70255 prime?
False
Is 3407 composite?
False
Is 8153 prime?
False
Is 119 prime?
False
Is 1821 a prime number?
False
Is 114531 a prime number?
False
Is 2415485 prime?
False
Is 17801 prime?
False
Is 1091 a composite number?
False
Is 656023 prime?
True
Is 7477 composite?
False
Is 3403 a prime number?
False
Is 5069 a composite number?
True
Is 4547 a prime number?
True
Is 5893 prime?
False
Is 4049 a composite number?
False
Is 22871 composite?
False
Is 4591 composite?
False
Is 42451 a composite number?
False
Is 3419819 composite?
True
Is 7921 a composite number?
True
Is 79881 a composite number?
True
Is 41927 a composite number?
False
Is 31469 a prime number?
True
Is 126407 prime?
False
Is 2527649 composite?
True
Is 228269 a composite number?
True
Is 688097 a composite number?
False
Is 5323 a prime number?
True
Is 404483 a composite number?
False
Is 30289 prime?
False
Is 71879 prime?
True
Is 13327 composite?
False
Is 53773 prime?
True
Is 200435 prime?
False
Is 6485 prime?
False
Is 10743 prime?
False
Is 6528917 a prime number?
True
Is 7481 composite?
False
Is 252269 composite?
True
Is 225491 prime?
False
Is 979 prime?
False
Is 1930361 a prime number?
False
Is 3983 prime?
False
Is 20911 a prime number?
False
Is 84057 composite?
True
Is 33749 composite?
False
Is 24599 prime?
False
Is 806447 a composite number?
False
Is 133 composite?
True
Is 64777 a prime number?
False
Is 193243 prime?
True
Is 334931 a composite number?
False
Is 28969 a prime number?
False
Is 143971 prime?
True
Is 742799 prime?
False
Is 697 a composite number?
True
Is 31553 composite?
True
Is 2579 a composite number?
False
Is 413809 a prime number?
False
Is 596363 a prime number?
True
Is 4729 a composite number?
False
Is 172069 a prime number?
True
Is 156007 a composite number?
False
Is 1249 a prime number?
True
Is 3191 composite?
False
Is 27043 a composite number?
False
Is 1002679 composite?
False
Is 650759 a prime number?
True
Is 1171 a prime number?
True
Is 5219 prime?
False
Is 1803149 prime?
True
Is 4717 a prime number?
False
Is 543689 composite?
False
Is 23117 a composite number?
False
Is 2203 composite?
False
Is 329 a composite number?
True
Is 543463 prime?
True
Is 3861521 prime?
True
Is 430139 prime?
True
Is 83351 prime?
False
Is 31483 a prime number?
False
Is 77587 composite?
False
Is 22426 a prime number?
False
Is 10113 a composite number?
True
Is 32921 a prime number?
False
Is 50515 composite?
True
Is 28963 a prime number?
False
Is 86111 prime?
True
Is 1227881 composite?
False
Is 111799 prime?
True
Is 4677 a prime number?
False
Is 187031 composite?
True
Is 3163 prime?
True
Is 24281 composite?
False
Is 813767 prime?
True
Is 18229 a prime number?
True
Is 103387 prime?
True
Is 633531 a composite number?
True
Is 80623 a prime number?
False
Is 600371 composite?
False
Is 226253 a prime number?
False
Is 15527 a prime number?
True
Is 17939 prime?
True
Is 2599 a composite number?
True
Is 574507 a composite number?
False
Is 680617 a composite number?
True
Is 57517 composite?
True
Is 451259 composite?
True
Is 23447 a composite number?
False
Is 7817 prime?
True
Is 30209 composite?
True
Is 415517 a composite number?
False
Is 22963 a prime number?
True
Is 25177 a prime number?
False
Is 1491817 a composite number?
True
Is 40343 composite?
False
Is 50741 composite?
False
Is 1894229 a prime number?
True
Is 1533937 a composite number?
False
Is 13291 prime?
True
Is 1613905 composite?
True
Is 189011 prime?
True
Is 68171 prime?
True
Is 66817 composite?
True
Is 5513 a prime number?
False
Is 270267 a composite number?
True
Is 1409 a composite number?
False
Is 32401 composite?
False
Is 443539 prime?
False
Is 42047 a prime number?
False
Is 373067 a prime number?
False
Is 30737 a composite number?
True
Is 254053 prime?
True
Is 422207 a composite number?
True
Is 5919 a prime number?
False
Is 66271 a prime number?
True
Is 154259 composite?
True
Is 117239 a composite number?
False
Is 23093 a composite number?
True
Is 67147 composite?
True
Is 3432619 composite?
False
Is 716099 composite?
True
Is 33557 prime?
False
Is 274713 composite?
True
Is 42985 prime?
False
Is 116939 composite?
True
Is 14857 a prime number?
False
Is 104941 prime?
False
Is 165073 a composite number?
True
Is 4701 composite?
True
Is 1361 composite?
False
Is 310459 a composite number?
False
Is 22259 prime?
True
Is 79793 a composite number?
True
Is 4721 a prime number?
True
Is 13901 a prime number?
True
Is 14281 composite?
False
Is 466 a composite number?
True
Is 48227 composite?
True
Is 1115 a prime number?
False
Is 970927 prime?
True
Is 9101 prime?
False
Is 1111 a prime number?
False
Is 523 composite?
False
Is 12811 a composite number?
True
Is 54898 a prime number?
False
Is 1642882 composite?
True
Is 613 composite?
False
Is 1709 prime?
True
Is 780951 composite?
True
Is 34837 prime?
False
Is 1081 composite?
True
Is 65479 composite?
False
Is 52919 prime?
True
Is 8751 composite?
True
Is 398045 a prime number?
False
Is 235553 composite?
False
Is 8187 a composite number?
True
Is 1494431 a prime number?
False
Is 1140037 a prime number?
False
Is 5639 prime?
True
Is 44903 prime?
False
Is 2111039 a prime number?
False
Is 1559335 prim